{"id":22,"date":"2021-10-14T07:46:18","date_gmt":"2021-10-14T07:46:18","guid":{"rendered":"https:\/\/nostalgicfan.com\/?page_id=22"},"modified":"2021-12-13T16:38:45","modified_gmt":"2021-12-13T16:38:45","slug":"inicio","status":"publish","type":"page","link":"https:\/\/nostalgicfan.com\/","title":{"rendered":"Inicio"},"content":{"rendered":"\t\t<div data-elementor-type=\"wp-page\" data-elementor-id=\"22\" class=\"elementor elementor-22\">\n\t\t\t\t\t\t<section class=\"elementor-section elementor-top-section elementor-element elementor-element-4317213 elementor-section-stretched elementor-hidden-desktop elementor-hidden-tablet elementor-section-boxed elementor-section-height-default elementor-section-height-default\" data-id=\"4317213\" data-element_type=\"section\" data-settings=\"{&quot;stretch_section&quot;:&quot;section-stretched&quot;}\">\n\t\t\t\t\t\t<div class=\"elementor-container elementor-column-gap-default\">\n\t\t\t\t\t<div class=\"elementor-column elementor-col-100 elementor-top-column elementor-element elementor-element-653fb8a\" data-id=\"653fb8a\" data-element_type=\"column\">\n\t\t\t<div class=\"elementor-widget-wrap elementor-element-populated\">\n\t\t\t\t\t\t<div class=\"elementor-element elementor-element-b314b48 elementor-widget elementor-widget-image\" data-id=\"b314b48\" data-element_type=\"widget\" data-widget_type=\"image.default\">\n\t\t\t\t<div class=\"elementor-widget-container\">\n\t\t\t\t\t\t\t\t\t\t\t\t\t\t\t<img fetchpriority=\"high\" decoding=\"async\" width=\"525\" height=\"120\" src=\"https:\/\/nostalgicfan.com\/wp-content\/uploads\/2021\/10\/cropped-cropped-logo-1024x234.png\" class=\"attachment-large size-large wp-image-206\" alt=\"\" srcset=\"https:\/\/nostalgicfan.com\/wp-content\/uploads\/2021\/10\/cropped-cropped-logo-1024x234.png 1024w, https:\/\/nostalgicfan.com\/wp-content\/uploads\/2021\/10\/cropped-cropped-logo-300x69.png 300w, https:\/\/nostalgicfan.com\/wp-content\/uploads\/2021\/10\/cropped-cropped-logo-768x176.png 768w, https:\/\/nostalgicfan.com\/wp-content\/uploads\/2021\/10\/cropped-cropped-logo.png 1092w\" sizes=\"100vw\" \/>\t\t\t\t\t\t\t\t\t\t\t\t\t\t\t<\/div>\n\t\t\t\t<\/div>\n\t\t\t\t\t<\/div>\n\t\t<\/div>\n\t\t\t\t\t<\/div>\n\t\t<\/section>\n\t\t\t\t<section class=\"elementor-section elementor-top-section elementor-element elementor-element-e57478c elementor-section-stretched elementor-section-boxed elementor-section-height-default elementor-section-height-default\" data-id=\"e57478c\" data-element_type=\"section\" id=\"inicio\" data-settings=\"{&quot;stretch_section&quot;:&quot;section-stretched&quot;,&quot;background_background&quot;:&quot;video&quot;}\">\n\t\t\t\t\t\t<div class=\"elementor-container elementor-column-gap-default\">\n\t\t\t\t\t<div class=\"elementor-column elementor-col-100 elementor-top-column elementor-element elementor-element-a180663\" data-id=\"a180663\" data-element_type=\"column\">\n\t\t\t<div class=\"elementor-widget-wrap elementor-element-populated\">\n\t\t\t\t\t\t<div class=\"elementor-element elementor-element-a1b8f28 elementor-widget elementor-widget-video\" data-id=\"a1b8f28\" data-element_type=\"widget\" data-settings=\"{&quot;video_type&quot;:&quot;hosted&quot;,&quot;autoplay&quot;:&quot;yes&quot;,&quot;play_on_mobile&quot;:&quot;yes&quot;,&quot;mute&quot;:&quot;yes&quot;,&quot;loop&quot;:&quot;yes&quot;}\" data-widget_type=\"video.default\">\n\t\t\t\t<div class=\"elementor-widget-container\">\n\t\t\t\t\t\t\t<div class=\"e-hosted-video elementor-wrapper elementor-open-inline\">\n\t\t\t\t\t<video class=\"elementor-video\" src=\"https:\/\/nostalgicfan.com\/wp-content\/uploads\/2021\/12\/Nostalgic-Fan_web_sinlogo-1-1-1.mp4\" autoplay=\"\" loop=\"\" muted=\"muted\" playsinline=\"\" controlsList=\"nodownload\"><\/video>\n\t\t\t\t<\/div>\n\t\t\t\t\t\t<\/div>\n\t\t\t\t<\/div>\n\t\t\t\t\t<\/div>\n\t\t<\/div>\n\t\t\t\t\t<\/div>\n\t\t<\/section>\n\t\t\t\t<section class=\"elementor-section elementor-top-section elementor-element elementor-element-5fa48b21 elementor-section-stretched elementor-section-boxed elementor-section-height-default elementor-section-height-default\" data-id=\"5fa48b21\" data-element_type=\"section\" data-settings=\"{&quot;stretch_section&quot;:&quot;section-stretched&quot;}\">\n\t\t\t\t\t\t<div class=\"elementor-container elementor-column-gap-default\">\n\t\t\t\t\t<div class=\"elementor-column elementor-col-100 elementor-top-column elementor-element elementor-element-76b2fc70\" data-id=\"76b2fc70\" data-element_type=\"column\">\n\t\t\t<div class=\"elementor-widget-wrap elementor-element-populated\">\n\t\t\t\t\t\t<div class=\"elementor-element elementor-element-f20d077 elementor-widget elementor-widget-text-editor\" data-id=\"f20d077\" data-element_type=\"widget\" data-widget_type=\"text-editor.default\">\n\t\t\t\t<div class=\"elementor-widget-container\">\n\t\t\t\t\t\t\t\t\t<p style=\"text-align: center;\"><span style=\"color: var( --e-global-color-text );\">NostalgicFan Frame Technology es el regalo perfecto para cualquier amante de la tecnolog\u00eda y el dise\u00f1o.<\/span><\/p><p style=\"text-align: center;\"><span style=\"color: var( --e-global-color-text );\">Cuadros hechos a mano utilizando las piezas de los primeros dispositivos e inmortaliz\u00e1ndolos en forma de peque\u00f1a escultura.<\/span><\/p><p style=\"text-align: center;\">iPhone, Samsung, Nokia, BlackBerry y cualquier dispositivo que puedas imaginar.<\/p><p style=\"text-align: center;\">Si ya tienes tu dispositivo, te lo montamos, si no dinos cu\u00e1l te gustar\u00eda inmortalizar y lo conseguimos.<\/p><p style=\"text-align: center;\"><span style=\"color: var( --e-global-color-text );\">Tama\u00f1os de 30&#215;30 cm. o 40&#215;30 cm.<\/span><\/p>\t\t\t\t\t\t\t\t<\/div>\n\t\t\t\t<\/div>\n\t\t\t\t\t<\/div>\n\t\t<\/div>\n\t\t\t\t\t<\/div>\n\t\t<\/section>\n\t\t\t\t<section class=\"elementor-section elementor-top-section elementor-element elementor-element-903db5e elementor-section-stretched elementor-section-boxed elementor-section-height-default elementor-section-height-default\" data-id=\"903db5e\" data-element_type=\"section\" data-settings=\"{&quot;stretch_section&quot;:&quot;section-stretched&quot;}\">\n\t\t\t\t\t\t<div class=\"elementor-container elementor-column-gap-default\">\n\t\t\t\t\t<div class=\"elementor-column elementor-col-100 elementor-top-column elementor-element elementor-element-a57261f\" data-id=\"a57261f\" data-element_type=\"column\">\n\t\t\t<div class=\"elementor-widget-wrap elementor-element-populated\">\n\t\t\t\t\t\t<div class=\"elementor-element elementor-element-23372eb elementor-pagination-position-outside elementor-widget elementor-widget-image-carousel\" data-id=\"23372eb\" data-element_type=\"widget\" data-settings=\"{&quot;slides_to_show&quot;:&quot;1&quot;,&quot;navigation&quot;:&quot;dots&quot;,&quot;autoplay&quot;:&quot;yes&quot;,&quot;pause_on_hover&quot;:&quot;yes&quot;,&quot;pause_on_interaction&quot;:&quot;yes&quot;,&quot;autoplay_speed&quot;:5000,&quot;infinite&quot;:&quot;yes&quot;,&quot;effect&quot;:&quot;slide&quot;,&quot;speed&quot;:500}\" data-widget_type=\"image-carousel.default\">\n\t\t\t\t<div class=\"elementor-widget-container\">\n\t\t\t\t\t\t\t<div class=\"elementor-image-carousel-wrapper swiper\" role=\"region\" aria-roledescription=\"carousel\" aria-label=\"Carrusel de im\u00e1genes\" dir=\"ltr\">\n\t\t\t<div class=\"elementor-image-carousel swiper-wrapper\" aria-live=\"off\">\n\t\t\t\t\t\t\t\t<div class=\"swiper-slide\" role=\"group\" aria-roledescription=\"slide\" aria-label=\"1 de 5\"><figure class=\"swiper-slide-inner\"><img decoding=\"async\" class=\"swiper-slide-image\" src=\"https:\/\/nostalgicfan.com\/wp-content\/uploads\/2021\/12\/RB_5138w.jpg\" alt=\"Photo: Ricard Badia\" \/><\/figure><\/div><div class=\"swiper-slide\" role=\"group\" aria-roledescription=\"slide\" aria-label=\"2 de 5\"><figure class=\"swiper-slide-inner\"><img decoding=\"async\" class=\"swiper-slide-image\" src=\"https:\/\/nostalgicfan.com\/wp-content\/uploads\/2021\/12\/RB_5144w.jpg\" alt=\"Photo: Ricard Badia\" \/><\/figure><\/div><div class=\"swiper-slide\" role=\"group\" aria-roledescription=\"slide\" aria-label=\"3 de 5\"><figure class=\"swiper-slide-inner\"><img decoding=\"async\" class=\"swiper-slide-image\" src=\"https:\/\/nostalgicfan.com\/wp-content\/uploads\/2021\/12\/RB_5139w-e1638773300849.jpg\" alt=\"RB_5139w-e1638375377978\" \/><\/figure><\/div><div class=\"swiper-slide\" role=\"group\" aria-roledescription=\"slide\" aria-label=\"4 de 5\"><figure class=\"swiper-slide-inner\"><img decoding=\"async\" class=\"swiper-slide-image\" src=\"https:\/\/nostalgicfan.com\/wp-content\/uploads\/2021\/12\/RB_5134w.jpg\" alt=\"Photo: Ricard Badia\" \/><\/figure><\/div><div class=\"swiper-slide\" role=\"group\" aria-roledescription=\"slide\" aria-label=\"5 de 5\"><figure class=\"swiper-slide-inner\"><img decoding=\"async\" class=\"swiper-slide-image\" src=\"https:\/\/nostalgicfan.com\/wp-content\/uploads\/2021\/12\/RB_5156w.jpg\" alt=\"Photo: Ricard Badia\" \/><\/figure><\/div>\t\t\t<\/div>\n\t\t\t\t\t\t\t\n\t\t\t\t\t\t\t\t\t<div class=\"swiper-pagination\"><\/div>\n\t\t\t\t\t\t\t\t\t<\/div>\n\t\t\t\t\t\t<\/div>\n\t\t\t\t<\/div>\n\t\t\t\t\t<\/div>\n\t\t<\/div>\n\t\t\t\t\t<\/div>\n\t\t<\/section>\n\t\t\t\t<section class=\"elementor-section elementor-top-section elementor-element elementor-element-0aaedc3 elementor-section-boxed elementor-section-height-default elementor-section-height-default\" data-id=\"0aaedc3\" data-element_type=\"section\">\n\t\t\t\t\t\t<div class=\"elementor-container elementor-column-gap-default\">\n\t\t\t\t\t<div class=\"elementor-column elementor-col-100 elementor-top-column elementor-element elementor-element-f7d3526\" data-id=\"f7d3526\" data-element_type=\"column\">\n\t\t\t<div class=\"elementor-widget-wrap elementor-element-populated\">\n\t\t\t\t\t\t<div class=\"elementor-element elementor-element-f247b41 elementor-widget elementor-widget-spacer\" data-id=\"f247b41\" data-element_type=\"widget\" data-widget_type=\"spacer.default\">\n\t\t\t\t<div class=\"elementor-widget-container\">\n\t\t\t\t\t\t\t<div class=\"elementor-spacer\">\n\t\t\t<div class=\"elementor-spacer-inner\"><\/div>\n\t\t<\/div>\n\t\t\t\t\t\t<\/div>\n\t\t\t\t<\/div>\n\t\t\t\t<div class=\"elementor-element elementor-element-3bb37ab elementor-widget elementor-widget-html\" data-id=\"3bb37ab\" data-element_type=\"widget\" data-widget_type=\"html.default\">\n\t\t\t\t<div class=\"elementor-widget-container\">\n\t\t\t\t\t<html>\n    <a id=\"logo\"\n    href=\"#inicio\"><img decoding=\"async\" src=\"https:\/\/nostalgicfan.com\/wp-content\/uploads\/2021\/11\/logo_1.png\"><\/a>\n    <a id=\"instaLogo\"\n    href=\"https:\/\/www.instagram.com\/nostalgicfanframe\/\" target=\"_blank\"><img decoding=\"async\" src=\"https:\/\/nostalgicfan.com\/wp-content\/uploads\/2021\/12\/instagram-icon-1.png\"><\/a>\n<\/html>\n\n<script>\n    document.getElementById(\"top-menu\").appendChild(document.getElementById(\"logo\"));\n    \n    document.getElementById(\"top-menu\").appendChild(document.getElementById(\"instaLogo\"));\n<\/script>\n\t\t\t\t<\/div>\n\t\t\t\t<\/div>\n\t\t\t\t\t<\/div>\n\t\t<\/div>\n\t\t\t\t\t<\/div>\n\t\t<\/section>\n\t\t\t\t<\/div>\n\t\t","protected":false},"excerpt":{"rendered":"<p>https:\/\/nostalgicfan.com\/wp-content\/uploads\/2021\/12\/Nostalgic-Fan_web_sinlogo-1-1-1.mp4 NostalgicFan Frame Technology es el regalo perfecto para cualquier amante de la tecnolog\u00eda y el dise\u00f1o. Cuadros hechos a mano utilizando las piezas de los primeros dispositivos e inmortaliz\u00e1ndolos en forma de peque\u00f1a escultura. iPhone, Samsung, Nokia, BlackBerry y cualquier dispositivo que puedas imaginar. Si ya tienes tu dispositivo, te lo montamos, si no &hellip; <\/p>\n<p class=\"link-more\"><a href=\"https:\/\/nostalgicfan.com\/\" class=\"more-link\">Continuar leyendo<span class=\"screen-reader-text\"> \u00abInicio\u00bb<\/span><\/a><\/p>\n","protected":false},"author":1,"featured_media":0,"parent":0,"menu_order":0,"comment_status":"closed","ping_status":"closed","template":"","meta":{"footnotes":""},"class_list":["post-22","page","type-page","status-publish","hentry"],"_links":{"self":[{"href":"https:\/\/nostalgicfan.com\/index.php?rest_route=\/wp\/v2\/pages\/22","targetHints":{"allow":["GET"]}}],"collection":[{"href":"https:\/\/nostalgicfan.com\/index.php?rest_route=\/wp\/v2\/pages"}],"about":[{"href":"https:\/\/nostalgicfan.com\/index.php?rest_route=\/wp\/v2\/types\/page"}],"author":[{"embeddable":true,"href":"https:\/\/nostalgicfan.com\/index.php?rest_route=\/wp\/v2\/users\/1"}],"replies":[{"embeddable":true,"href":"https:\/\/nostalgicfan.com\/index.php?rest_route=%2Fwp%2Fv2%2Fcomments&post=22"}],"version-history":[{"count":288,"href":"https:\/\/nostalgicfan.com\/index.php?rest_route=\/wp\/v2\/pages\/22\/revisions"}],"predecessor-version":[{"id":1560,"href":"https:\/\/nostalgicfan.com\/index.php?rest_route=\/wp\/v2\/pages\/22\/revisions\/1560"}],"wp:attachment":[{"href":"https:\/\/nostalgicfan.com\/index.php?rest_route=%2Fwp%2Fv2%2Fmedia&parent=22"}],"curies":[{"name":"wp","href":"https:\/\/api.w.org\/{rel}","templated":true}]}}